 What is the tens digit of r?
5
Suppose 3*r - 26 = -4*h - 2, -3*h + 18 = 2*r. Suppose 0*l = -h*l + 1626. What is the units digit of l?
1
Suppose -22 = -4*h - 6. Suppose -h*p - 375 = -7*p. What is the tens digit of 2/4 + p/2?
6
Let p be ((-15)/(-5) - 1) + 14/(-1). Let r(w) = -w**3 - 12*w**2 + 2*w + 29. Let s be r(p). Suppose -144 = -s*l + 2*l. What is the tens digit of l?
4
Let s(h) = 3*h + 32. Let m be s(-10). Suppose m*i - 265 = i. Suppose -2*u + i = 17. What is the tens digit of u?
2
Let p = -5505 - -10942. What is the hundreds digit of p?
4
What is the units digit of -4 - (114713/6*-1 - 12/72)?
5
Suppose 9*r + 0*r + 27 = 0. Let s be 7 + -1 - (r + 7). What is the units digit of (-14 + 24)*17/s?
5
Suppose -984 = -h - 5*w + 4150, -w = -3*h + 15306. What is the tens digit of h?
0
Let j be (-999)/(-296) - 6/16. Suppose -j*i + 1833 + 228 = 0. What is the units digit of i?
7
Suppose -88*w - 31*w + 841211 = 0. What is the units digit of w?
9
Let r(c) = 4*c**2 - 9*c + 2. Let h be r(14). Suppose 5*q - 47 = 3*n + 62, -2*q + 49 = -3*n. What is the tens digit of ((-72)/q)/((-18)/h)?
3
Suppose 28487 = -25*d + 105512. What is the units digit of d?
1
Let b(o) = 23*o + 37. Let w(j) = -11*j - 18. Let v(k) = -3*b(k) - 5*w(k). What is the tens digit of v(-8)?
9
Suppose 19*l - 41*l + 2243538 = 32*l. What is the hundreds digit of l?
5
Let y = -44922 + 68148. What is the units digit of y?
6
Let i be 1 + (192 + 4)/4. Let h = -25 + i. Let v = 91 - h. What is the tens digit of v?
6
Let q be (74/(-12))/(-37)*2082. Suppose 5*n - 2*b + 397 = -610, -800 = 4*n - 3*b. Let c = q + n. What is the tens digit of c?
4
Let n be (-8 - (-390)/105)*14/(-3). Suppose -n*l = -28371 + 71. What is the hundreds digit of l?
4
Let k(i) = 131*i**2 - 6*i - 4. Let g(a) = -a + 14. Let b be g(10). Suppose b*f - 2 = -v + f, 4*f = -4*v. What is the hundreds digit of k(v)?
1
Let u(r) = -226*r + 3716. What is the units digit of u(13)?
8
Let v be 6 + 0*((-5)/3 + 2). Let x be (2/v*3 + 0)*5. Suppose -2*p - x*p = -392. What is the tens digit of p?
5
Let o be (-6 - 238/(-35))/((-2)/(-745)). Let q = o - -886. What is the thousands digit of q?
1
Suppose -2*a = -8 - 0. Suppose -123 = 3*s - 3*i, 5*s - a*i + 195 = -i. What is the units digit of 8/s - 2596/(-18)?
4
Let w be (-4)/56*-12*7. Suppose -5*g + 339 = d, -d + 4*g + 336 = w*g. What is the hundreds digit of d?
3
Let d be 12/(-42) + (-48)/(-21). Let m be ((-3419)/(-26))/(d/4). What is the units digit of (-28)/(-168) - m/(-6)?
4
Let o(p) = 12*p**2 - 14*p - 20. Suppose -w - w + 3*x = 10, 5*w - x + 25 = 0. What is the hundreds digit of o(w)?
3
Let x = -73388 + 150507. What is the tens digit of x?
1
Suppose -2*y = -p - 11, 0*p + 4 = -4*p. Suppose 16*k = y*k + 2629. What is the hundreds digit of k?
2
Let v be (-2848)/(-144) - (-2)/9. What is the tens digit of (1968/v)/6*30?
9
Let l(r) = -5*r - 25. Let k be l(-8). Suppose -2925 = -k*q + 2*q. What is the tens digit of q?
2
Let q(z) = -z**2 + 7*z + 18. Let f be q(9). Let o be f/(-4 - 1) + -2. What is the hundreds digit of (20/(-40))/(o/764)?
1
Let j be (6/(-9))/(8/36). What is the hundreds digit of (-3)/j - (-344 + (0 - 2))?
3
Let s = 557 - 540. Let t(j) = j**3 - 14*j**2 + 9*j + 5. What is the hundreds digit of t(s)?
0
Suppose 0 = 2*q + 134 - 780. Suppose -5*r + 1725 = 2*j, r - 18*j - q = -14*j. What is the units digit of r?
3
Let u(r) = 5*r**2 + 6*r + 9. Let n be -4 - (4 + (-4 - -1)). Let q be u(n). Suppose q = s + 3*c, 0*s + 3*c = 2*s - 235. What is the units digit of s?
3
Let h = 640 - 642. Let s(j) be the first derivative of 10*j**3/3 + 3*j**2 + 3*j - 1. What is the tens digit of s(h)?
3
Suppose -3*u = 5*z - 34675, -39*u + 41*u - 23116 = -4*z. What is the units digit of u?
0
Suppose -16*p - 956 = -12*p. Let f = p + 559. Let c = f - 220. What is the units digit of c?
0
Let f = -12306 - -25933. What is the units digit of f?
7
Suppose -5*i - 79*a + 78*a = -76371, 0 = 5*i - 5*a - 76395. What is the ten thousands digit of i?
1
Let y be (-9)/(-2)*(-8)/(-6). Suppose -10*o = -8*o - y. Suppose 0*j = o*j - 5*m - 388, 3*j = m + 368. What is the tens digit of j?
2
Suppose 0 = -5*l - 4*b - 467, 2*l = -3*b - 162 - 29. Let m be (2/(-7))/1 - 208/l. Suppose m*c = -2*c + 92. What is the units digit of c?
3
Let j be -1 + -1 + (-56 - -62). What is the units digit of (j/10)/((-9)/(-135))?
6
Let c(w) = -w**2 - 31*w - 54. Let i be 12/(-18)*18/4 - -42. Let h = 15 - i. What is the tens digit of c(h)?
1
Suppose 3*t = k - 68, -3*k + 2*t - 3*t + 184 = 0. Let i = -30 + k. Let r = -20 + i. What is the units digit of r?
2
Suppose 2*i - 13260 = -u, 3*i + 26464 = -25*u + 27*u. What is the units digit of u?
4
Let l(i) = 7*i**2 + 15*i + 7. Let a be l(-7). What is the tens digit of (-7)/(a/15) + (-46130)/(-49)?
4
Suppose -1262 = 3*a + 4*o, 4*a + 5*o - 1244 = 7*a. Let p = a - -859. What is the hundreds digit of p?
4
What is the units digit of (2 - -2)/1 - 1200608/(-34)?
6
Let m(k) = -11*k**3 - k**2 - 15. What is the units digit of m(-8)?
3
Let o(p) = 224*p - 1423. What is the units digit of o(25)?
7
What is the thousands digit of (5140/(-100))/(7/(-6580))?
8
Let p(t) = -6*t**2 + 940*t - 123. What is the units digit of p(133)?
3
Suppose h + 31582 + 37296 = 3*a, 3*h = -3*a + 68850. What is the tens digit of a?
5
Let d = 63843 - 26808. What is the hundreds digit of d?
0
Suppose 6294 = 4*w - 4798. What is the units digit of w?
3
Let q = 49488 + -33115. What is the thousands digit of q?
6
Let l(u) = 0*u - 10 + 6*u - 8. Let h = -75 + 91. What is the units digit of l(h)?
8
Suppose -5*h + 3*b + 37377 = 0, -2*b + 1810 = -2*h + 16760. What is the thousands digit of h?
7
Let p be (-2)/1 + 177/1. Let a be ((-93)/4)/(28/(2688/18)). Let g = p + a. What is the tens digit of g?
5
Suppose 6*p = 3*p + 48. Suppose 0 = 2*t + 4 + p. What is the tens digit of (47/4)/(t/(-40))?
4
Suppose -4*b - 5*z = -40, 4*z = -4 + 20. Let c = b + 492. What is the hundreds digit of c?
4
Let a(j) = j**3 + 17*j**2 - 13*j - 14. Let m be a(-14). Let t = m - 40. What is the tens digit of t?
1
Let d(a) be the third derivative of -a**6/120 + a**5/60 - a**4/24 + 5*a**3/2 + a**2 + 47. What is the hundreds digit of d(-5)?
1
Let h(i) = 20*i**2 - 1710*i - 293. What is the hundreds digit of h(108)?
3
Let t be (1*3)/(((-147)/14)/(-7)). Suppose -t*g + 6687 = 7*g. Suppose 5*h = -2*y + 1257, y - 5*y = 3*h - g. What is the units digit of h?
3
Suppose -13*g + 91*g = 2*g + 503804. What is the hundreds digit of g?
6
Let p(i) = -2*i - 210. Let j(u) = 5*u - 30. Let z be j(6). Let a be p(z). Let k = -49 - a. What is the units digit of k?
1
Suppose 4*z - 13384 = -10*z. Suppose 0 = 12*a - 760 - z. What is the hundreds digit of a?
1
Suppose 0 = 5*i + 2*k, -3*i + k = -2*i. Suppose 8*s - 2312 + 928 = i. What is the units digit of s?
3
Let r = -538 - -701. Suppose -r*k = -170*k + 931. What is the units digit of k?
3
Let w(r) = 9*r**2 - 11*r + 32. Let f be w(3). Suppose -f*m = -68*m - 3996. What is the tens digit of m?
3
Let u(q) = 6*q**3 - 2*q**2 - 2*q + 2. Let z be u(2). Suppose -36 + z = g. Suppose -2*b + 4*b = 3*t - 528, b = g*t - 353. What is the hundreds digit of t?
1
Suppose -4*h + 231 = 7*h. Let w be 90/h + (-2)/7. What is the units digit of 551/w + (-11)/(-44)?
8
Let x(a) = 13*a**2 + 4 - a**3 + 2*a**3 - 15*a + 27*a. Let c be x(-12). What is the units digit of (2 - -126)/c*1?
2
Suppose -12*m + 102513 = -42627. What is the thousands digit of m?
2
Let k(a) = 154*a + 5333. What is the hundreds digit of k(-13)?
3
Suppose 0 = y - 3*f - 45, 0 = -4*y - 4*f + 130 - 14. Let r(x) = -x**3 + 9*x**2 + 4*x - 2. Let t be r(4). Let z = t - y. What is the tens digit of z?
6
Suppose 16*b - 9118 + 1678 - 1232 = 0. What is the hundreds digit of b?
5
Suppose 0*i + 2*i + 16 = 2*s, -58 = -5*s - 4*i. Let q = 57 - s. Suppose 3*o = 5*k - 532, -5*o - 77 - q = -k. What is the tens digit of k?
0
Suppose 2*f - o + 11 = -4*o, -2*o = f + 6. What is the hundreds digit of (712/10)/(f/(-10))?
1
Let r(v) = -v**3 - 5*v**2 + 6*v - 4. Let w be r(-6). Let n = w - 0. What is the tens digit of (3 + -7)*2/n + 120?
2
Let k(o) = 5*o**2 + 6*o + 1. Let n(l) = -l**2 - 4*l + 3. Let a be n(2). Let z be k(a). Let y = z + -205. What is the units digit of y?
7
Let p(n) = -2*n**3 + n**2 + 2*n + 43. Suppose -3*d - 15 = 0, -4*j = -3*d - 0*d - 15. Let s b